{"id":1009,"date":"2015-06-24T15:29:19","date_gmt":"2015-06-24T13:29:19","guid":{"rendered":"http:\/\/www.rettet-peter.de\/?product=ebc-bremsbelaege-fa47r-hintererrad-fuer-gilera-saturno-sinter"},"modified":"2025-07-26T21:17:21","modified_gmt":"2025-07-26T19:17:21","slug":"ebc-bremsbelaege-fa47r-hintererrad-fuer-gilera-saturno-sinter","status":"publish","type":"product","link":"https:\/\/www.rettet-peter.de\/?product=ebc-bremsbelaege-fa47r-hintererrad-fuer-gilera-saturno-sinter","title":{"rendered":"EBC Bremsbel\u00e4ge Vorderrad"},"content":{"rendered":"<p><strong>EBC Bremsbel\u00e4ge Vorderrad f\u00fcr Gilera Saturno<\/strong><\/p>\n<p>Mit hoch leistungsf\u00e4higen Aramidfasern hergestellt<br \/>\nExzellente Bremsleistung ohne Ger\u00e4usche und Festfressen an den Bremsscheiben, auch bei polierten Bremsscheiben<br \/>\nGeringer Kraftaufwand und starkes, berechenbares Bremsverhalten<\/p>\n<p><strong>Passend f\u00fcr die Modelle:<\/strong><\/p>\n<p>&#8211; Gilera Saturno, alle Baujahre<\/p>\n<p><strong> Technische Details:<\/strong><\/p>\n<p>&#8211; Aramid Bremsbel\u00e4ge<\/p>\n<p><strong> Lieferumfang:<\/strong><\/p>\n<p>&#8211; Bremsbelag Vorderrad<\/p>\n","protected":false},"excerpt":{"rendered":"<p>EBC Bremsbel\u00e4ge Vorderrad f\u00fcr Gilera Saturno<\/p>\n","protected":false},"featured_media":1007,"comment_status":"open","ping_status":"closed","template":"","meta":{"_bbp_topic_count":0,"_bbp_reply_count":0,"_bbp_total_topic_count":0,"_bbp_total_reply_count":0,"_bbp_voice_count":0,"_bbp_anonymous_reply_count":0,"_bbp_topic_count_hidden":0,"_bbp_reply_count_hidden":0,"_bbp_forum_subforum_count":0,"ngg_post_thumbnail":0},"product_brand":[],"product_cat":[39],"product_tag":[],"class_list":{"0":"post-1009","1":"product","2":"type-product","3":"status-publish","4":"has-post-thumbnail","6":"product_cat-gilera-saturno","8":"first","9":"instock","10":"shipping-taxable","11":"purchasable","12":"product-type-simple"},"_links":{"self":[{"href":"https:\/\/www.rettet-peter.de\/index.php?rest_route=\/wp\/v2\/product\/1009","targetHints":{"allow":["GET"]}}],"collection":[{"href":"https:\/\/www.rettet-peter.de\/index.php?rest_route=\/wp\/v2\/product"}],"about":[{"href":"https:\/\/www.rettet-peter.de\/index.php?rest_route=\/wp\/v2\/types\/product"}],"replies":[{"embeddable":true,"href":"https:\/\/www.rettet-peter.de\/index.php?rest_route=%2Fwp%2Fv2%2Fcomments&post=1009"}],"wp:featuredmedia":[{"embeddable":true,"href":"https:\/\/www.rettet-peter.de\/index.php?rest_route=\/wp\/v2\/media\/1007"}],"wp:attachment":[{"href":"https:\/\/www.rettet-peter.de\/index.php?rest_route=%2Fwp%2Fv2%2Fmedia&parent=1009"}],"wp:term":[{"taxonomy":"product_brand","embeddable":true,"href":"https:\/\/www.rettet-peter.de\/index.php?rest_route=%2Fwp%2Fv2%2Fproduct_brand&post=1009"},{"taxonomy":"product_cat","embeddable":true,"href":"https:\/\/www.rettet-peter.de\/index.php?rest_route=%2Fwp%2Fv2%2Fproduct_cat&post=1009"},{"taxonomy":"product_tag","embeddable":true,"href":"https:\/\/www.rettet-peter.de\/index.php?rest_route=%2Fwp%2Fv2%2Fproduct_tag&post=1009"}],"curies":[{"name":"wp","href":"https:\/\/api.w.org\/{rel}","templated":true}]}}