{"id":3960,"date":"2025-06-08T12:29:46","date_gmt":"2025-06-08T10:29:46","guid":{"rendered":"https:\/\/www.rettet-peter.de\/?post_type=product&#038;p=3960"},"modified":"2026-04-09T07:55:13","modified_gmt":"2026-04-09T05:55:13","slug":"kuehlwasserleitung-teil-2","status":"publish","type":"product","link":"https:\/\/www.rettet-peter.de\/?product=kuehlwasserleitung-teil-2","title":{"rendered":"K\u00fchlwasserleitung Teil 2"},"content":{"rendered":"<p><strong>K\u00fchlwasserleitung Teil 2<\/strong><\/p>\n<p>Nachbau der original Kuhlwasserleitung, hochwertige Ausf\u00fchrung mit erh\u00f6hter Wandst\u00e4rke f\u00fcr gesteigerte Lebensdauer. Gefertigt aus Silikon und Polyester.<br \/>\nSchlauch zwischen Verteiler und K\u00fchler (Fahrtrichtung rechts).<br \/>\nErsetzt das Originalteil.<\/p>\n<p>Verf\u00fcgbar in Rot, Schwarz oder Blau<\/p>\n<p><strong>Geeignet f\u00fcr:<\/strong><\/p>\n<p>&#8211; Gilera Saturno<\/p>\n<p><strong>Lieferumfang:<\/strong><\/p>\n<p>&#8211; 1 St\u00fcck<\/p>\n<p>Gilera Saturno Ersatzteilkatalog: 04 \/ 8.00 \/ Position: 13<\/p>\n","protected":false},"excerpt":{"rendered":"<p>K\u00fchlwasserleitung Teil 2<\/p>\n","protected":false},"featured_media":5119,"comment_status":"open","ping_status":"closed","template":"","meta":{"_bbp_topic_count":0,"_bbp_reply_count":0,"_bbp_total_topic_count":0,"_bbp_total_reply_count":0,"_bbp_voice_count":0,"_bbp_anonymous_reply_count":0,"_bbp_topic_count_hidden":0,"_bbp_reply_count_hidden":0,"_bbp_forum_subforum_count":0,"ngg_post_thumbnail":0},"product_brand":[],"product_cat":[39],"product_tag":[],"class_list":{"0":"post-3960","1":"product","2":"type-product","3":"status-publish","4":"has-post-thumbnail","6":"product_cat-gilera-saturno","8":"first","9":"instock","10":"shipping-taxable","11":"purchasable","12":"product-type-simple"},"_links":{"self":[{"href":"https:\/\/www.rettet-peter.de\/index.php?rest_route=\/wp\/v2\/product\/3960","targetHints":{"allow":["GET"]}}],"collection":[{"href":"https:\/\/www.rettet-peter.de\/index.php?rest_route=\/wp\/v2\/product"}],"about":[{"href":"https:\/\/www.rettet-peter.de\/index.php?rest_route=\/wp\/v2\/types\/product"}],"replies":[{"embeddable":true,"href":"https:\/\/www.rettet-peter.de\/index.php?rest_route=%2Fwp%2Fv2%2Fcomments&post=3960"}],"wp:featuredmedia":[{"embeddable":true,"href":"https:\/\/www.rettet-peter.de\/index.php?rest_route=\/wp\/v2\/media\/5119"}],"wp:attachment":[{"href":"https:\/\/www.rettet-peter.de\/index.php?rest_route=%2Fwp%2Fv2%2Fmedia&parent=3960"}],"wp:term":[{"taxonomy":"product_brand","embeddable":true,"href":"https:\/\/www.rettet-peter.de\/index.php?rest_route=%2Fwp%2Fv2%2Fproduct_brand&post=3960"},{"taxonomy":"product_cat","embeddable":true,"href":"https:\/\/www.rettet-peter.de\/index.php?rest_route=%2Fwp%2Fv2%2Fproduct_cat&post=3960"},{"taxonomy":"product_tag","embeddable":true,"href":"https:\/\/www.rettet-peter.de\/index.php?rest_route=%2Fwp%2Fv2%2Fproduct_tag&post=3960"}],"curies":[{"name":"wp","href":"https:\/\/api.w.org\/{rel}","templated":true}]}}