{"id":910,"date":"2015-06-23T14:21:35","date_gmt":"2015-06-23T12:21:35","guid":{"rendered":"http:\/\/www.rettet-peter.de\/?post_type=product&#038;p=910"},"modified":"2025-08-18T12:36:11","modified_gmt":"2025-08-18T10:36:11","slug":"ngk-zuendkerze-dr9ea-9-fuer-gilera-xrt","status":"publish","type":"product","link":"https:\/\/www.rettet-peter.de\/?product=ngk-zuendkerze-dr9ea-9-fuer-gilera-xrt","title":{"rendered":"NGK Z\u00fcndkerze"},"content":{"rendered":"<p><strong>NGK Z\u00fcndkerze DR9EA-9 f\u00fcr Gilera XRT<\/strong><\/p>\n<p>NGK ist der weltweit f\u00fchrende Hersteller von Z\u00fcndkerzen.<\/p>\n<p>Modernste Produktionsanlagen, gro\u00dfe Investitionen in Forschung und Entwicklung, sowie das starke Engagement im Rennsport, von der Formel 1 bis zum Zweiradmotorsport, macht die NGK-Z\u00fcndkerze so erfolgreich.<\/p>\n<p><strong>Passend f\u00fcr die Modelle:<\/strong><\/p>\n<p>&#8211; Gilera XRT 600, alle Baujahre, 27 PS, 20 kw<br \/>\n&#8211; Gilera XRT 600, alle Baujahre, 46 PS, 33,5 kw<\/p>\n<p><strong> Technische Details:<\/strong><\/p>\n<p>&#8211; Z\u00fcndkerze<\/p>\n<p><strong> Lieferumfang:<\/strong><\/p>\n<p>&#8211; Z\u00fcndkerze DP9EA-9<\/p>\n","protected":false},"excerpt":{"rendered":"<p>NGK Z\u00fcndkerze DR9EA-9 f\u00fcr Gilera XRT NGK ist der weltweit f\u00fchrende Hersteller von Z\u00fcndkerzen. Modernste<\/p>\n","protected":false},"featured_media":907,"comment_status":"open","ping_status":"closed","template":"","meta":{"_bbp_topic_count":0,"_bbp_reply_count":0,"_bbp_total_topic_count":0,"_bbp_total_reply_count":0,"_bbp_voice_count":0,"_bbp_anonymous_reply_count":0,"_bbp_topic_count_hidden":0,"_bbp_reply_count_hidden":0,"_bbp_forum_subforum_count":0,"ngg_post_thumbnail":0},"product_brand":[],"product_cat":[36],"product_tag":[],"class_list":{"0":"post-910","1":"product","2":"type-product","3":"status-publish","4":"has-post-thumbnail","6":"product_cat-gilera-xrt","8":"first","9":"instock","10":"shipping-taxable","11":"purchasable","12":"product-type-simple"},"_links":{"self":[{"href":"https:\/\/www.rettet-peter.de\/index.php?rest_route=\/wp\/v2\/product\/910","targetHints":{"allow":["GET"]}}],"collection":[{"href":"https:\/\/www.rettet-peter.de\/index.php?rest_route=\/wp\/v2\/product"}],"about":[{"href":"https:\/\/www.rettet-peter.de\/index.php?rest_route=\/wp\/v2\/types\/product"}],"replies":[{"embeddable":true,"href":"https:\/\/www.rettet-peter.de\/index.php?rest_route=%2Fwp%2Fv2%2Fcomments&post=910"}],"wp:featuredmedia":[{"embeddable":true,"href":"https:\/\/www.rettet-peter.de\/index.php?rest_route=\/wp\/v2\/media\/907"}],"wp:attachment":[{"href":"https:\/\/www.rettet-peter.de\/index.php?rest_route=%2Fwp%2Fv2%2Fmedia&parent=910"}],"wp:term":[{"taxonomy":"product_brand","embeddable":true,"href":"https:\/\/www.rettet-peter.de\/index.php?rest_route=%2Fwp%2Fv2%2Fproduct_brand&post=910"},{"taxonomy":"product_cat","embeddable":true,"href":"https:\/\/www.rettet-peter.de\/index.php?rest_route=%2Fwp%2Fv2%2Fproduct_cat&post=910"},{"taxonomy":"product_tag","embeddable":true,"href":"https:\/\/www.rettet-peter.de\/index.php?rest_route=%2Fwp%2Fv2%2Fproduct_tag&post=910"}],"curies":[{"name":"wp","href":"https:\/\/api.w.org\/{rel}","templated":true}]}}