{"id":921,"date":"2015-06-23T15:16:11","date_gmt":"2015-06-23T13:16:11","guid":{"rendered":"http:\/\/www.rettet-peter.de\/?post_type=product&#038;p=921"},"modified":"2025-06-13T20:17:45","modified_gmt":"2025-06-13T18:17:45","slug":"hohe-tourenscheibe-verkleidung-fuer-gilera-xrt","status":"publish","type":"product","link":"https:\/\/www.rettet-peter.de\/?product=hohe-tourenscheibe-verkleidung-fuer-gilera-xrt","title":{"rendered":"Hohe Tourenscheibe"},"content":{"rendered":"<p><strong>Hohe Tourenscheibe f\u00fcr Gilera XRT<\/strong><\/p>\n<p>Hohe Tourenscheibe f\u00fcr verbesserten Windschutz aus GFK, passgenau gefertigt als Ersatz \/ Austausch der vorhandenen niedrigen Frontverkleidung. Mit ausgearbeiteten \u00dcberg\u00e4ngen f\u00fcr die Bohrungen zur Befestigung an den Seitenverkleidungen rechts und links.<br \/>\nIn die Tourenscheiben sind auch bereits die \u00d6ffnungen f\u00fcr die beiden Frontscheinwerfer eingearbeitet.<br \/>\nGesamth\u00f6he ca. 60 cm.<\/p>\n<p><strong>Passend f\u00fcr die Modelle:<\/strong><\/p>\n<p>&#8211; Gilera XRT 600, Baujahr 1988 &#8211; 1991<\/p>\n<p><strong> Technische Details:<\/strong><\/p>\n<p>&#8211; Tourenscheibe GFK, unlackiert<\/p>\n<p><strong> Lieferumfang:<\/strong><\/p>\n<p>&#8211; Tourenscheibe<\/p>\n","protected":false},"excerpt":{"rendered":"<p>Hohe Tourenscheibe f\u00fcr Gilera XRT Hohe Tourenscheibe f\u00fcr verbesserten Windschutz aus GFK, passgenau gefertigt als<\/p>\n","protected":false},"featured_media":0,"comment_status":"open","ping_status":"closed","template":"","meta":{"_bbp_topic_count":0,"_bbp_reply_count":0,"_bbp_total_topic_count":0,"_bbp_total_reply_count":0,"_bbp_voice_count":0,"_bbp_anonymous_reply_count":0,"_bbp_topic_count_hidden":0,"_bbp_reply_count_hidden":0,"_bbp_forum_subforum_count":0,"ngg_post_thumbnail":0},"product_brand":[],"product_cat":[36],"product_tag":[],"class_list":{"0":"post-921","1":"product","2":"type-product","3":"status-publish","5":"product_cat-gilera-xrt","7":"first","8":"instock","9":"sale","10":"shipping-taxable","11":"purchasable","12":"product-type-simple"},"_links":{"self":[{"href":"https:\/\/www.rettet-peter.de\/index.php?rest_route=\/wp\/v2\/product\/921","targetHints":{"allow":["GET"]}}],"collection":[{"href":"https:\/\/www.rettet-peter.de\/index.php?rest_route=\/wp\/v2\/product"}],"about":[{"href":"https:\/\/www.rettet-peter.de\/index.php?rest_route=\/wp\/v2\/types\/product"}],"replies":[{"embeddable":true,"href":"https:\/\/www.rettet-peter.de\/index.php?rest_route=%2Fwp%2Fv2%2Fcomments&post=921"}],"wp:attachment":[{"href":"https:\/\/www.rettet-peter.de\/index.php?rest_route=%2Fwp%2Fv2%2Fmedia&parent=921"}],"wp:term":[{"taxonomy":"product_brand","embeddable":true,"href":"https:\/\/www.rettet-peter.de\/index.php?rest_route=%2Fwp%2Fv2%2Fproduct_brand&post=921"},{"taxonomy":"product_cat","embeddable":true,"href":"https:\/\/www.rettet-peter.de\/index.php?rest_route=%2Fwp%2Fv2%2Fproduct_cat&post=921"},{"taxonomy":"product_tag","embeddable":true,"href":"https:\/\/www.rettet-peter.de\/index.php?rest_route=%2Fwp%2Fv2%2Fproduct_tag&post=921"}],"curies":[{"name":"wp","href":"https:\/\/api.w.org\/{rel}","templated":true}]}}